[INFO] cloning repository https://github.com/gwafotapa/Information-set-decoding
[INFO] running `Command { std: "git" "-c" "credential.helper=" "-c" "credential.helper=/workspace/cargo-home/bin/git-credential-null" "clone" "--bare" "https://github.com/gwafotapa/Information-set-decoding" "/workspace/cache/git-repos/https%3A%2F%2Fgithub.com%2Fgwafotapa%2FInformation-set-decoding", kill_on_drop: false }`
[INFO] [stderr] Cloning into bare repository '/workspace/cache/git-repos/https%3A%2F%2Fgithub.com%2Fgwafotapa%2FInformation-set-decoding'...
[INFO] running `Command { std: "git" "rev-parse" "HEAD", kill_on_drop: false }`
[INFO] [stdout] a0c9fdb91e376eaff270e17f61ba407b3d9a6ea4
[INFO] checking gwafotapa/Information-set-decoding against master#af3c6e733a40e671550e0f0f5aeecaa13772ba56 for pr-74989
[INFO] running `Command { std: "git" "clone" "/workspace/cache/git-repos/https%3A%2F%2Fgithub.com%2Fgwafotapa%2FInformation-set-decoding" "/workspace/builds/worker-8/source", kill_on_drop: false }`
[INFO] [stderr] Cloning into '/workspace/builds/worker-8/source'...
[INFO] [stderr] done.
[INFO] validating manifest of git repo https://github.com/gwafotapa/Information-set-decoding on toolchain af3c6e733a40e671550e0f0f5aeecaa13772ba56
[INFO] running `Command { std: "/workspace/cargo-home/bin/cargo" "+af3c6e733a40e671550e0f0f5aeecaa13772ba56" "read-manifest" "--manifest-path" "Cargo.toml", kill_on_drop: false }`
[INFO] started tweaking git repo https://github.com/gwafotapa/Information-set-decoding
[INFO] removed path dependency mceliece from git repo https://github.com/gwafotapa/Information-set-decoding
[INFO] finished tweaking git repo https://github.com/gwafotapa/Information-set-decoding
[INFO] tweaked toml for git repo https://github.com/gwafotapa/Information-set-decoding written to /workspace/builds/worker-8/source/Cargo.toml
[INFO] crate git repo https://github.com/gwafotapa/Information-set-decoding already has a lockfile, it will not be regenerated
[INFO] running `Command { std: "/workspace/cargo-home/bin/cargo" "+af3c6e733a40e671550e0f0f5aeecaa13772ba56" "fetch" "--locked" "--manifest-path" "Cargo.toml", kill_on_drop: false }`
[INFO] [stderr] warning: dependency (mceliece) specified without providing a local path, Git repository, or version to use. This will be considered an error in future versions
[INFO] [stderr]     Blocking waiting for file lock on package cache
[INFO] [stderr]     Updating crates.io index
[INFO] [stderr] error: the lock file /workspace/builds/worker-8/source/Cargo.lock needs to be updated but --locked was passed to prevent this
[INFO] [stderr] If you want to try to generate the lock file without accessing the network, use the --offline flag.
[INFO] the lockfile is outdated, regenerating it
[INFO] running `Command { std: "/workspace/cargo-home/bin/cargo" "+af3c6e733a40e671550e0f0f5aeecaa13772ba56" "generate-lockfile" "--manifest-path" "Cargo.toml" "-Zno-index-update", kill_on_drop: false }`
[INFO] running `Command { std: "/workspace/cargo-home/bin/cargo" "+af3c6e733a40e671550e0f0f5aeecaa13772ba56" "fetch" "--locked" "--manifest-path" "Cargo.toml", kill_on_drop: false }`
[INFO] [stderr] warning: dependency (mceliece) specified without providing a local path, Git repository, or version to use. This will be considered an error in future versions
[INFO] [stderr]     Blocking waiting for file lock on package cache
[INFO] running `Command { std: "docker" "create" "-v" "/var/lib/crater-agent-workspace/builds/worker-8/target:/opt/rustwide/target:rw,Z" "-v" "/var/lib/crater-agent-workspace/builds/worker-8/source:/opt/rustwide/workdir:ro,Z" "-v" "/var/lib/crater-agent-workspace/cargo-home:/opt/rustwide/cargo-home:ro,Z" "-v" "/var/lib/crater-agent-workspace/rustup-home:/opt/rustwide/rustup-home:ro,Z" "-e" "SOURCE_DIR=/opt/rustwide/workdir" "-e" "CARGO_TARGET_DIR=/opt/rustwide/target" "-e" "CARGO_HOME=/opt/rustwide/cargo-home" "-e" "RUSTUP_HOME=/opt/rustwide/rustup-home" "-w" "/opt/rustwide/workdir" "-m" "1610612736" "--user" "0:0" "--network" "none" "rustops/crates-build-env@sha256:d92eaeed33fa75130ca1ee6c8a01d1ffb62bac859dfdfb3450e3e5d1c0146529" "/opt/rustwide/cargo-home/bin/cargo" "+af3c6e733a40e671550e0f0f5aeecaa13772ba56" "metadata" "--no-deps" "--format-version=1", kill_on_drop: false }`
[INFO] [stdout] db6f428497aabe874ec69d575ed20b9893cf906f85a6ae4f5d3f8e413d4eb038
[INFO] [stderr] WARNING: Your kernel does not support swap limit capabilities or the cgroup is not mounted. Memory limited without swap.
[INFO] running `Command { std: "docker" "start" "-a" "db6f428497aabe874ec69d575ed20b9893cf906f85a6ae4f5d3f8e413d4eb038", kill_on_drop: false }`
[INFO] running `Command { std: "docker" "inspect" "db6f428497aabe874ec69d575ed20b9893cf906f85a6ae4f5d3f8e413d4eb038", kill_on_drop: false }`
[INFO] running `Command { std: "docker" "rm" "-f" "db6f428497aabe874ec69d575ed20b9893cf906f85a6ae4f5d3f8e413d4eb038", kill_on_drop: false }`
[INFO] [stdout] db6f428497aabe874ec69d575ed20b9893cf906f85a6ae4f5d3f8e413d4eb038
[INFO] running `Command { std: "docker" "create" "-v" "/var/lib/crater-agent-workspace/builds/worker-8/target:/opt/rustwide/target:rw,Z" "-v" "/var/lib/crater-agent-workspace/builds/worker-8/source:/opt/rustwide/workdir:ro,Z" "-v" "/var/lib/crater-agent-workspace/cargo-home:/opt/rustwide/cargo-home:ro,Z" "-v" "/var/lib/crater-agent-workspace/rustup-home:/opt/rustwide/rustup-home:ro,Z" "-e" "SOURCE_DIR=/opt/rustwide/workdir" "-e" "CARGO_TARGET_DIR=/opt/rustwide/target" "-e" "CARGO_INCREMENTAL=0" "-e" "RUST_BACKTRACE=full" "-e" "RUSTFLAGS=--cap-lints=forbid" "-e" "CARGO_HOME=/opt/rustwide/cargo-home" "-e" "RUSTUP_HOME=/opt/rustwide/rustup-home" "-w" "/opt/rustwide/workdir" "-m" "1610612736" "--user" "0:0" "--network" "none" "rustops/crates-build-env@sha256:d92eaeed33fa75130ca1ee6c8a01d1ffb62bac859dfdfb3450e3e5d1c0146529" "/opt/rustwide/cargo-home/bin/cargo" "+af3c6e733a40e671550e0f0f5aeecaa13772ba56" "check" "--frozen" "--all" "--all-targets" "--message-format=json", kill_on_drop: false }`
[INFO] [stdout] 18c7d23b93f27d01c15435f0aba7483bfe8c60ca9739ed4b73b82dff70400cb0
[INFO] [stderr] WARNING: Your kernel does not support swap limit capabilities or the cgroup is not mounted. Memory limited without swap.
[INFO] running `Command { std: "docker" "start" "-a" "18c7d23b93f27d01c15435f0aba7483bfe8c60ca9739ed4b73b82dff70400cb0", kill_on_drop: false }`
[INFO] [stderr] warning: dependency (mceliece) specified without providing a local path, Git repository, or version to use. This will be considered an error in future versions
[INFO] [stderr]    Compiling libc v0.2.77
[INFO] [stderr]    Compiling log v0.4.11
[INFO] [stderr]     Checking mceliece v0.0.0
[INFO] [stderr]     Checking main_error v0.1.1
[INFO] [stderr]    Compiling num-traits v0.2.12
[INFO] [stderr]    Compiling num-integer v0.1.43
[INFO] [stderr]     Checking atty v0.2.14
[INFO] [stderr]     Checking env_logger v0.7.1
[INFO] [stderr]     Checking information_set_decoding v0.1.0 (/opt/rustwide/workdir)
[INFO] [stdout] error[E0432]: unresolved imports `mceliece::finite_field`, `mceliece::finite_field`, `mceliece::matrix`, `mceliece::matrix`
[INFO] [stdout]  --> src/instance/mod.rs:8:16
[INFO] [stdout]   |
[INFO] [stdout] 8 | use mceliece::{finite_field::Field, finite_field::F2, matrix::ColVec, matrix::Mat};
[INFO] [stdout]   |                ^^^^^^^^^^^^         ^^^^^^^^^^^^      ^^^^^^          ^^^^^^ could not find `matrix` in `mceliece`
[INFO] [stdout]   |                |                    |                 |
[INFO] [stdout]   |                |                    |                 could not find `matrix` in `mceliece`
[INFO] [stdout]   |                |                    could not find `finite_field` in `mceliece`
[INFO] [stdout]   |                could not find `finite_field` in `mceliece`
[INFO] [stdout] 
[INFO] [stdout] 
[INFO] [stdout] error[E0432]: unresolved imports `mceliece::finite_field`, `mceliece::matrix`
[INFO] [stdout]  --> src/lee_brickell/mod.rs:2:5
[INFO] [stdout]   |
[INFO] [stdout] 2 |     finite_field::{Field, F2},
[INFO] [stdout]   |     ^^^^^^^^^^^^ could not find `finite_field` in `mceliece`
[INFO] [stdout] 3 |     matrix::{ColVec, Mat, Perm},
[INFO] [stdout]   |     ^^^^^^ could not find `matrix` in `mceliece`
[INFO] [stdout] 
[INFO] [stdout] 
[INFO] [stdout] error[E0432]: unresolved imports `mceliece::finite_field`, `mceliece::matrix`
[INFO] [stdout]  --> src/prange/mod.rs:2:5
[INFO] [stdout]   |
[INFO] [stdout] 2 |     finite_field::F2,
[INFO] [stdout]   |     ^^^^^^^^^^^^ could not find `finite_field` in `mceliece`
[INFO] [stdout] 3 |     matrix::{ColVec, Mat, Perm},
[INFO] [stdout]   |     ^^^^^^ could not find `matrix` in `mceliece`
[INFO] [stdout] 
[INFO] [stdout] 
[INFO] [stdout] error[E0432]: unresolved imports `mceliece::finite_field`, `mceliece::matrix`
[INFO] [stdout]  --> src/stern/mod.rs:3:5
[INFO] [stdout]   |
[INFO] [stdout] 3 |     finite_field::{Field, F2},
[INFO] [stdout]   |     ^^^^^^^^^^^^ could not find `finite_field` in `mceliece`
[INFO] [stdout] 4 |     matrix::{ColVec, Mat, Perm, SubMat},
[INFO] [stdout]   |     ^^^^^^ could not find `matrix` in `mceliece`
[INFO] [stdout] 
[INFO] [stdout] 
[INFO] [stdout] error[E0432]: unresolved imports `mceliece::finite_field`, `mceliece::matrix`
[INFO] [stdout]  --> src/lib.rs:8:5
[INFO] [stdout]   |
[INFO] [stdout] 8 |     finite_field::{Field, F2},
[INFO] [stdout]   |     ^^^^^^^^^^^^ could not find `finite_field` in `mceliece`
[INFO] [stdout] 9 |     matrix::{ColVec, Mat},
[INFO] [stdout]   |     ^^^^^^ could not find `matrix` in `mceliece`
[INFO] [stdout] 
[INFO] [stdout] 
[INFO] [stdout] error[E0432]: unresolved imports `mceliece::finite_field`, `mceliece::finite_field`, `mceliece::matrix`, `mceliece::matrix`
[INFO] [stdout]  --> src/instance/mod.rs:8:16
[INFO] [stdout]   |
[INFO] [stdout] 8 | use mceliece::{finite_field::Field, finite_field::F2, matrix::ColVec, matrix::Mat};
[INFO] [stdout]   |                ^^^^^^^^^^^^         ^^^^^^^^^^^^      ^^^^^^          ^^^^^^ could not find `matrix` in `mceliece`
[INFO] [stdout]   |                |                    |                 |
[INFO] [stdout]   |                |                    |                 could not find `matrix` in `mceliece`
[INFO] [stdout]   |                |                    could not find `finite_field` in `mceliece`
[INFO] [stdout]   |                could not find `finite_field` in `mceliece`
[INFO] [stdout] 
[INFO] [stdout] 
[INFO] [stdout] error[E0432]: unresolved imports `mceliece::finite_field`, `mceliece::matrix`
[INFO] [stdout]  --> src/lee_brickell/mod.rs:2:5
[INFO] [stdout]   |
[INFO] [stdout] 2 |     finite_field::{Field, F2},
[INFO] [stdout]   |     ^^^^^^^^^^^^ could not find `finite_field` in `mceliece`
[INFO] [stdout] 3 |     matrix::{ColVec, Mat, Perm},
[INFO] [stdout]   |     ^^^^^^ could not find `matrix` in `mceliece`
[INFO] [stdout] 
[INFO] [stdout] 
[INFO] [stdout] error[E0432]: unresolved imports `mceliece::finite_field`, `mceliece::matrix`
[INFO] [stdout]  --> src/prange/mod.rs:2:5
[INFO] [stdout]   |
[INFO] [stdout] 2 |     finite_field::F2,
[INFO] [stdout]   |     ^^^^^^^^^^^^ could not find `finite_field` in `mceliece`
[INFO] [stdout] 3 |     matrix::{ColVec, Mat, Perm},
[INFO] [stdout]   |     ^^^^^^ could not find `matrix` in `mceliece`
[INFO] [stdout] 
[INFO] [stdout] 
[INFO] [stdout] error[E0432]: unresolved imports `mceliece::finite_field`, `mceliece::matrix`
[INFO] [stdout]  --> src/stern/mod.rs:3:5
[INFO] [stdout]   |
[INFO] [stdout] 3 |     finite_field::{Field, F2},
[INFO] [stdout]   |     ^^^^^^^^^^^^ could not find `finite_field` in `mceliece`
[INFO] [stdout] 4 |     matrix::{ColVec, Mat, Perm, SubMat},
[INFO] [stdout]   |     ^^^^^^ could not find `matrix` in `mceliece`
[INFO] [stdout] 
[INFO] [stdout] 
[INFO] [stdout] error[E0432]: unresolved imports `mceliece::finite_field`, `mceliece::matrix`
[INFO] [stdout]  --> src/lib.rs:8:5
[INFO] [stdout]   |
[INFO] [stdout] 8 |     finite_field::{Field, F2},
[INFO] [stdout]   |     ^^^^^^^^^^^^ could not find `finite_field` in `mceliece`
[INFO] [stdout] 9 |     matrix::{ColVec, Mat},
[INFO] [stdout]   |     ^^^^^^ could not find `matrix` in `mceliece`
[INFO] [stdout] 
[INFO] [stdout] 
[INFO] [stdout] error[E0599]: no method named `add_assign` found for struct `Rc<_>` in the current scope
[INFO] [stdout]   --> src/lee_brickell/mod.rs:30:24
[INFO] [stdout]    |
[INFO] [stdout] 30 |                     f2.add_assign(&mut sum[i], &h_sf[(i, col)]);
[INFO] [stdout]    |                        ^^^^^^^^^^ method not found in `Rc<_>`
[INFO] [stdout]    |
[INFO] [stdout]    = note: `f2` is a function, perhaps you wish to call it
[INFO] [stdout] 
[INFO] [stdout] 
[INFO] [stdout] error[E0599]: no method named `one` found for struct `Rc<_>` in the current scope
[INFO] [stdout]   --> src/lee_brickell/mod.rs:36:33
[INFO] [stdout]    |
[INFO] [stdout] 36 |                     e[col] = f2.one();
[INFO] [stdout]    |                                 ^^^ method not found in `Rc<_>`
[INFO] [stdout]    |
[INFO] [stdout]    = note: `f2` is a function, perhaps you wish to call it
[INFO] [stdout] 
[INFO] [stdout] 
[INFO] [stdout] error[E0599]: no method named `one` found for struct `Rc<_>` in the current scope
[INFO] [stdout]   --> src/lee_brickell/mod.rs:39:33
[INFO] [stdout]    |
[INFO] [stdout] 39 |                     if *x == f2.one() {
[INFO] [stdout]    |                                 ^^^ method not found in `Rc<_>`
[INFO] [stdout]    |
[INFO] [stdout]    = note: `f2` is a function, perhaps you wish to call it
[INFO] [stdout] 
[INFO] [stdout] 
[INFO] [stdout] error[E0599]: no method named `one` found for struct `Rc<_>` in the current scope
[INFO] [stdout]   --> src/lee_brickell/mod.rs:40:39
[INFO] [stdout]    |
[INFO] [stdout] 40 |                         e[k + i] = f2.one();
[INFO] [stdout]    |                                       ^^^ method not found in `Rc<_>`
[INFO] [stdout]    |
[INFO] [stdout]    = note: `f2` is a function, perhaps you wish to call it
[INFO] [stdout] 
[INFO] [stdout] 
[INFO] [stdout] error[E0599]: no method named `zero` found for struct `Rc<_>` in the current scope
[INFO] [stdout]   --> src/stern/mod.rs:46:31
[INFO] [stdout]    |
[INFO] [stdout] 46 |                 l1[i][j] = f2.zero();
[INFO] [stdout]    |                               ^^^^ method not found in `Rc<_>`
[INFO] [stdout]    |
[INFO] [stdout]    = note: `f2` is a function, perhaps you wish to call it
[INFO] [stdout] 
[INFO] [stdout] 
[INFO] [stdout] error[E0599]: no method named `add_assign` found for struct `Rc<_>` in the current scope
[INFO] [stdout]   --> src/stern/mod.rs:48:24
[INFO] [stdout]    |
[INFO] [stdout] 48 |                     f2.add_assign(&mut l1[i][j], &q1[(j, e1_supports[i].support()[m])]);
[INFO] [stdout]    |                        ^^^^^^^^^^ method not found in `Rc<_>`
[INFO] [stdout]    |
[INFO] [stdout]    = note: `f2` is a function, perhaps you wish to call it
[INFO] [stdout] 
[INFO] [stdout] 
[INFO] [stdout] error[E0599]: no method named `add_assign` found for struct `Rc<_>` in the current scope
[INFO] [stdout]   --> src/stern/mod.rs:63:24
[INFO] [stdout]    |
[INFO] [stdout] 63 |                     f2.add_assign(&mut q2e2_us[j], &q2[(j, e2_supports[i].support()[m])]);
[INFO] [stdout]    |                        ^^^^^^^^^^ method not found in `Rc<_>`
[INFO] [stdout]    |
[INFO] [stdout]    = note: `f2` is a function, perhaps you wish to call it
[INFO] [stdout] 
[INFO] [stdout] 
[INFO] [stdout] error[E0599]: no method named `add_assign` found for struct `Rc<_>` in the current scope
[INFO] [stdout]   --> src/stern/mod.rs:72:32
[INFO] [stdout]    |
[INFO] [stdout] 72 | ...                   f2.add_assign(&mut qe_us_m, &h_sf[(m, col)]);
[INFO] [stdout]    |                          ^^^^^^^^^^ method not found in `Rc<_>`
[INFO] [stdout]    |
[INFO] [stdout]    = note: `f2` is a function, perhaps you wish to call it
[INFO] [stdout] 
[INFO] [stdout] 
[INFO] [stdout] error[E0599]: no method named `add_assign` found for struct `Rc<_>` in the current scope
[INFO] [stdout]   --> src/stern/mod.rs:75:32
[INFO] [stdout]    |
[INFO] [stdout] 75 | ...                   f2.add_assign(&mut qe_us_m, &h_sf[(m, k1 + col)]);
[INFO] [stdout]    |                          ^^^^^^^^^^ method not found in `Rc<_>`
[INFO] [stdout]    |
[INFO] [stdout]    = note: `f2` is a function, perhaps you wish to call it
[INFO] [stdout] 
[INFO] [stdout] 
[INFO] [stdout] error[E0599]: no method named `one` found for struct `Rc<_>` in the current scope
[INFO] [stdout]   --> src/stern/mod.rs:77:42
[INFO] [stdout]    |
[INFO] [stdout] 77 |                         if qe_us_m == f2.one() {
[INFO] [stdout]    |                                          ^^^ method not found in `Rc<_>`
[INFO] [stdout]    |
[INFO] [stdout]    = note: `f2` is a function, perhaps you wish to call it
[INFO] [stdout] 
[INFO] [stdout] 
[INFO] [stdout] error[E0599]: no method named `add_assign` found for struct `Rc<_>` in the current scope
[INFO] [stdout]   --> src/lee_brickell/mod.rs:30:24
[INFO] [stdout]    |
[INFO] [stdout] 30 |                     f2.add_assign(&mut sum[i], &h_sf[(i, col)]);
[INFO] [stdout]    |                        ^^^^^^^^^^ method not found in `Rc<_>`
[INFO] [stdout]    |
[INFO] [stdout]    = note: `f2` is a function, perhaps you wish to call it
[INFO] [stdout] 
[INFO] [stdout] 
[INFO] [stdout] error[E0599]: no method named `one` found for struct `Rc<_>` in the current scope
[INFO] [stdout]   --> src/stern/mod.rs:87:41
[INFO] [stdout]    |
[INFO] [stdout] 87 | ...                   e[col] = f2.one();
[INFO] [stdout]    |                                   ^^^ method not found in `Rc<_>`
[INFO] [stdout]    |
[INFO] [stdout]    = note: `f2` is a function, perhaps you wish to call it
[INFO] [stdout] 
[INFO] [stdout] 
[INFO] [stdout] error[E0599]: no method named `one` found for struct `Rc<_>` in the current scope
[INFO] [stdout]   --> src/stern/mod.rs:90:46
[INFO] [stdout]    |
[INFO] [stdout] 90 | ...                   e[k1 + col] = f2.one();
[INFO] [stdout]    |                                        ^^^ method not found in `Rc<_>`
[INFO] [stdout]    |
[INFO] [stdout]    = note: `f2` is a function, perhaps you wish to call it
[INFO] [stdout] 
[INFO] [stdout] 
[INFO] [stdout] error[E0599]: no method named `one` found for struct `Rc<_>` in the current scope
[INFO] [stdout]   --> src/stern/mod.rs:95:47
[INFO] [stdout]    |
[INFO] [stdout] 95 | ...                   e[k + i] = f2.one();
[INFO] [stdout]    |                                     ^^^ method not found in `Rc<_>`
[INFO] [stdout]    |
[INFO] [stdout]    = note: `f2` is a function, perhaps you wish to call it
[INFO] [stdout] 
[INFO] [stdout] 
[INFO] [stdout] error[E0599]: no method named `one` found for struct `Rc<_>` in the current scope
[INFO] [stdout]   --> src/lee_brickell/mod.rs:36:33
[INFO] [stdout]    |
[INFO] [stdout] 36 |                     e[col] = f2.one();
[INFO] [stdout]    |                                 ^^^ method not found in `Rc<_>`
[INFO] [stdout]    |
[INFO] [stdout]    = note: `f2` is a function, perhaps you wish to call it
[INFO] [stdout] 
[INFO] [stdout] 
[INFO] [stdout] error[E0599]: no method named `one` found for struct `Rc<_>` in the current scope
[INFO] [stdout]   --> src/lee_brickell/mod.rs:39:33
[INFO] [stdout]    |
[INFO] [stdout] 39 |                     if *x == f2.one() {
[INFO] [stdout]    |                                 ^^^ method not found in `Rc<_>`
[INFO] [stdout]    |
[INFO] [stdout]    = note: `f2` is a function, perhaps you wish to call it
[INFO] [stdout] 
[INFO] [stdout] 
[INFO] [stdout] error[E0599]: no method named `one` found for struct `Rc<_>` in the current scope
[INFO] [stdout]   --> src/lee_brickell/mod.rs:40:39
[INFO] [stdout]    |
[INFO] [stdout] 40 |                         e[k + i] = f2.one();
[INFO] [stdout]    |                                       ^^^ method not found in `Rc<_>`
[INFO] [stdout]    |
[INFO] [stdout]    = note: `f2` is a function, perhaps you wish to call it
[INFO] [stdout] 
[INFO] [stdout] 
[INFO] [stdout] error: aborting due to 18 previous errors
[INFO] [stdout] 
[INFO] [stdout] 
[INFO] [stdout] Some errors have detailed explanations: E0432, E0599.
[INFO] [stdout] 
[INFO] [stdout] For more information about an error, try `rustc --explain E0432`.
[INFO] [stdout] 
[INFO] [stderr] error: could not compile `information_set_decoding`.
[INFO] [stderr] 
[INFO] [stderr] To learn more, run the command again with --verbose.
[INFO] [stderr] warning: build failed, waiting for other jobs to finish...
[INFO] [stdout] error[E0599]: no method named `zero` found for struct `Rc<_>` in the current scope
[INFO] [stdout]   --> src/stern/mod.rs:46:31
[INFO] [stdout]    |
[INFO] [stdout] 46 |                 l1[i][j] = f2.zero();
[INFO] [stdout]    |                               ^^^^ method not found in `Rc<_>`
[INFO] [stdout]    |
[INFO] [stdout]    = note: `f2` is a function, perhaps you wish to call it
[INFO] [stdout] 
[INFO] [stdout] 
[INFO] [stdout] error[E0599]: no method named `add_assign` found for struct `Rc<_>` in the current scope
[INFO] [stdout]   --> src/stern/mod.rs:48:24
[INFO] [stdout]    |
[INFO] [stdout] 48 |                     f2.add_assign(&mut l1[i][j], &q1[(j, e1_supports[i].support()[m])]);
[INFO] [stdout]    |                        ^^^^^^^^^^ method not found in `Rc<_>`
[INFO] [stdout]    |
[INFO] [stdout]    = note: `f2` is a function, perhaps you wish to call it
[INFO] [stdout] 
[INFO] [stdout] 
[INFO] [stdout] error[E0599]: no method named `add_assign` found for struct `Rc<_>` in the current scope
[INFO] [stdout]   --> src/stern/mod.rs:63:24
[INFO] [stdout]    |
[INFO] [stdout] 63 |                     f2.add_assign(&mut q2e2_us[j], &q2[(j, e2_supports[i].support()[m])]);
[INFO] [stdout]    |                        ^^^^^^^^^^ method not found in `Rc<_>`
[INFO] [stdout]    |
[INFO] [stdout]    = note: `f2` is a function, perhaps you wish to call it
[INFO] [stdout] 
[INFO] [stdout] 
[INFO] [stdout] error[E0599]: no method named `add_assign` found for struct `Rc<_>` in the current scope
[INFO] [stdout]   --> src/stern/mod.rs:72:32
[INFO] [stdout]    |
[INFO] [stdout] 72 | ...                   f2.add_assign(&mut qe_us_m, &h_sf[(m, col)]);
[INFO] [stdout]    |                          ^^^^^^^^^^ method not found in `Rc<_>`
[INFO] [stdout]    |
[INFO] [stdout]    = note: `f2` is a function, perhaps you wish to call it
[INFO] [stdout] 
[INFO] [stdout] 
[INFO] [stdout] error[E0599]: no method named `add_assign` found for struct `Rc<_>` in the current scope
[INFO] [stdout]   --> src/stern/mod.rs:75:32
[INFO] [stdout]    |
[INFO] [stdout] 75 | ...                   f2.add_assign(&mut qe_us_m, &h_sf[(m, k1 + col)]);
[INFO] [stdout]    |                          ^^^^^^^^^^ method not found in `Rc<_>`
[INFO] [stdout]    |
[INFO] [stdout]    = note: `f2` is a function, perhaps you wish to call it
[INFO] [stdout] 
[INFO] [stdout] 
[INFO] [stdout] error[E0599]: no method named `one` found for struct `Rc<_>` in the current scope
[INFO] [stdout]   --> src/stern/mod.rs:77:42
[INFO] [stdout]    |
[INFO] [stdout] 77 |                         if qe_us_m == f2.one() {
[INFO] [stdout]    |                                          ^^^ method not found in `Rc<_>`
[INFO] [stdout]    |
[INFO] [stdout]    = note: `f2` is a function, perhaps you wish to call it
[INFO] [stdout] 
[INFO] [stdout] 
[INFO] [stdout] error[E0599]: no method named `one` found for struct `Rc<_>` in the current scope
[INFO] [stdout]   --> src/stern/mod.rs:87:41
[INFO] [stdout]    |
[INFO] [stdout] 87 | ...                   e[col] = f2.one();
[INFO] [stdout]    |                                   ^^^ method not found in `Rc<_>`
[INFO] [stdout]    |
[INFO] [stdout]    = note: `f2` is a function, perhaps you wish to call it
[INFO] [stdout] 
[INFO] [stdout] 
[INFO] [stdout] error[E0599]: no method named `one` found for struct `Rc<_>` in the current scope
[INFO] [stdout]   --> src/stern/mod.rs:90:46
[INFO] [stdout]    |
[INFO] [stdout] 90 | ...                   e[k1 + col] = f2.one();
[INFO] [stdout]    |                                        ^^^ method not found in `Rc<_>`
[INFO] [stdout]    |
[INFO] [stdout]    = note: `f2` is a function, perhaps you wish to call it
[INFO] [stdout] 
[INFO] [stdout] 
[INFO] [stdout] error[E0599]: no method named `one` found for struct `Rc<_>` in the current scope
[INFO] [stdout]   --> src/stern/mod.rs:95:47
[INFO] [stdout]    |
[INFO] [stdout] 95 | ...                   e[k + i] = f2.one();
[INFO] [stdout]    |                                     ^^^ method not found in `Rc<_>`
[INFO] [stdout]    |
[INFO] [stdout]    = note: `f2` is a function, perhaps you wish to call it
[INFO] [stdout] 
[INFO] [stdout] 
[INFO] [stdout] error: aborting due to 18 previous errors
[INFO] [stdout] 
[INFO] [stdout] 
[INFO] [stdout] Some errors have detailed explanations: E0432, E0599.
[INFO] [stdout] 
[INFO] [stdout] For more information about an error, try `rustc --explain E0432`.
[INFO] [stdout] 
[INFO] [stderr] error: build failed
[INFO] running `Command { std: "docker" "inspect" "18c7d23b93f27d01c15435f0aba7483bfe8c60ca9739ed4b73b82dff70400cb0", kill_on_drop: false }`
[INFO] running `Command { std: "docker" "rm" "-f" "18c7d23b93f27d01c15435f0aba7483bfe8c60ca9739ed4b73b82dff70400cb0", kill_on_drop: false }`
[INFO] [stdout] 18c7d23b93f27d01c15435f0aba7483bfe8c60ca9739ed4b73b82dff70400cb0
